t is the highest common divisor of 36260336 and 938?
14
Calculate the highest common divisor of 84816 and 52155.
171
What is the greatest common divisor of 221532 and 13020?
12
Calculate the greatest common divisor of 1544280283 and 713.
713
Calculate the greatest common divisor of 12763965 and 120.
15
What is the greatest common factor of 145 and 2072600?
5
Calculate the highest common factor of 9188329 and 877.
877
Calculate the highest common factor of 640 and 723080.
40
What is the greatest common divisor of 4229632 and 112?
16
What is the greatest common factor of 48 and 47427712?
16
What is the highest common divisor of 11197467 and 5859?
27
What is the greatest common factor of 1792877 and 3?
1
Calculate the highest common factor of 9890 and 28636280.
430
Calculate the greatest common factor of 159 and 145909.
53
What is the highest common factor of 6198049 and 3538106?
12727
What is the highest common divisor of 4604 and 236240448?
4604
Calculate the greatest common divisor of 240 and 146741640.
120
Calculate the highest common factor of 12627 and 18060957.
207
Calculate the highest common divisor of 159000 and 59943.
159
Calculate the greatest common factor of 329 and 12274661.
329
Calculate the highest common factor of 164 and 760714.
82
What is the highest common factor of 2011603 and 253?
253
What is the greatest common divisor of 296990 and 1850?
10
What is the highest common factor of 3093919644 and 177?
177
What is the highest common divisor of 526617 and 4121?
13
What is the highest common divisor of 58583528 and 60241?
563
Calculate the highest common divisor of 854 and 408665474.
854
Calculate the greatest common factor of 565440 and 68438.
38
Calculate the greatest common factor of 7145 and 453591751.
1429
Calculate the highest common factor of 380 and 168170368.
76
Calculate the highest common factor of 17500 and 22064.
28
Calculate the highest common divisor of 771962 and 3286.
62
What is the highest common factor of 730108 and 485344?
2092
Calculate the highest common divisor of 390 and 3723330.
390
What is the highest common divisor of 44 and 25008830?
22
What is the greatest common divisor of 584 and 9046616?
8
What is the highest common factor of 248151 and 31533?
1371
What is the highest common divisor of 262250 and 395625?
125
Calculate the highest common divisor of 40595 and 4140.
115
Calculate the highest common divisor of 9084 and 362892.
12
Calculate the highest common factor of 1274 and 21207914.
182
Calculate the highest common divisor of 5746 and 466684.
34
Calculate the greatest common divisor of 13534 and 3824494.
134
Calculate the highest common factor of 1918094423 and 1211.
1211
What is the highest common factor of 8157 and 545396053?
2719
What is the highest common divisor of 8 and 186765752?
8
What is the highest common factor of 953899 and 134383?
2203
What is the greatest common divisor of 466 and 788970387?
233
Calculate the greatest common factor of 5265526 and 1707.
569
Calculate the highest common factor of 152 and 1047356.
76
What is the greatest common divisor of 18576 and 39619856?
688
What is the highest common factor of 7748 and 832?
52
Calculate the highest common divisor of 54341848 and 11.
11
Calculate the highest common factor of 25 and 2985295.
5
What is the highest common factor of 992523 and 944958?
3171
What is the greatest common factor of 34286958 and 18?
18
What is the greatest common factor of 2350102 and 1160?
58
What is the greatest common factor of 915 and 8557500?
15
Calculate the highest common divisor of 1181525 and 534400.
4175
Calculate the greatest common factor of 9331 and 545600.
31
Calculate the greatest common factor of 162464 and 35536.
16
Calculate the highest common factor of 145562 and 60298.
146
Calculate the highest common factor of 568295 and 43680.
455
What is the highest common factor of 18936644 and 43396?
2284
What is the greatest common divisor of 238 and 51835462?
14
Calculate the highest common divisor of 1237801 and 53920.
337
What is the highest common factor of 153736 and 8492?
44
What is the highest common factor of 10796859 and 27?
9
What is the greatest common divisor of 13750399 and 403?
13
What is the highest common factor of 45475 and 15331450?
425
What is the greatest common divisor of 3040 and 771152?
16
Calculate the greatest common factor of 104 and 3838588.
52
What is the highest common factor of 284529 and 756?
21
What is the greatest common divisor of 25284 and 63276?
12
What is the greatest common factor of 390 and 80709330?
390
Calculate the highest common divisor of 1770 and 1965290.
590
Calculate the greatest common divisor of 34075401 and 39093.
249
What is the greatest common factor of 8016712 and 616?
88
Calculate the highest common divisor of 44592630 and 69.
69
What is the highest common factor of 76855854 and 15112?
3778
What is the highest common divisor of 978728 and 31443?
47
Calculate the greatest common divisor of 24 and 24011592.
24
Calculate the highest common factor of 105999827 and 7108.
1777
What is the greatest common divisor of 9196152 and 592?
8
What is the highest common divisor of 254095 and 34977?
89
Calculate the greatest common divisor of 5085308 and 6739.
293
Calculate the greatest common divisor of 2133 and 79.
79
Calculate the highest common divisor of 39512627 and 14237.
619
Calculate the highest common divisor of 156190516 and 92.
92
What is the greatest common divisor of 7 and 448501956?
7
What is the greatest common divisor of 21 and 345076158?
21
Calculate the greatest common divisor of 162 and 1088532.
54
Calculate the highest common factor of 4644 and 424324.
172
What is the highest common divisor of 179552 and 1301504?
992
What is the highest common factor of 536060 and 850585?
2735
Calculate the greatest common divisor of 64 and 19778048.
64
Calculate the highest common divisor of 238 and 8109969.
119
What is the highest common divisor of 6265 and 21028?
7
Calculate the greatest common factor of 374 and 1158454.
22
What is the greatest common factor of 7277895 and 63?
9
Calculate the greatest common factor of 5 and 1190080.
5
What is the greatest common factor of 2067 and 1546097397?
2067
Calculate the highest common divisor of 2185 and 9449593.
19
Calculate the highest common divisor of 2216350 and 185250.
950
What is the greatest common divisor of 3917520299 and 2849?
2849
What is the greatest common divisor of 443332 and 45073?
137
Calculate the highest common divisor of 334 and 91627055.
167
What is the greatest common divisor of 223900 and 4450?
50
What is the highest common divisor of 241 and 57861931?
241
What is the greatest common divisor of 2538 and 762372?
54
Calculate the greatest common divisor of 4176007 and 1397.
11
What is the highest common divisor of 59799546 and 36?
18
What is the greatest common divisor of 2728135 and 565?
5
Calculate the highest common factor of 453 and 112141509.
453
Calculate the greatest common factor of 735 and 31366713.
147
What is the greatest common factor of 113932 and 630812?
364
What is the greatest common divisor of 372730158 and 18?
18
What is the highest common divisor of 615 and 277804479?
123
Calculate the greatest common divisor of 134944 and 56.
8
Calculate the greatest common factor of 17135 and 30085633.
3427
Calculate the greatest common factor of 2089263 and 9.
3
Calculate the highest common factor of 6536 and 3441892.
172
Calculate the greatest common factor of 37466 and 36586.
22
Calculate the greatest common divisor of 46 and 586353329.
23
Calculate the highest common divisor of 205722 and 101574.
198
Calculate the highest common factor of 88036 and 15522.
26
What is the greatest common divisor of 99140759 and 6697?
181
What is the greatest common factor of 3341902 and 2842?
58
What is the greatest common divisor of 437617 and 475311?
47
Calculate the greatest common factor of 183 and 27211734.
183
Calculate the greatest common divisor of 25116 and 760708.
52
What is the greatest common factor of 106 and 2215294?
106
Calculate the highest common divisor of 26775 and 4961025.
3825
Calculate the greatest common factor of 19208 and 1127784.
2744
Calculate the highest common factor of 208550861 and 29.
29
Calculate the greatest common fa